{"id":76,"date":"2020-09-23T11:49:32","date_gmt":"2020-09-23T11:49:32","guid":{"rendered":"http:\/\/mobilekaeserei.de\/?page_id=76"},"modified":"2023-03-23T21:02:50","modified_gmt":"2023-03-23T21:02:50","slug":"presse","status":"publish","type":"page","link":"https:\/\/mobilekaeserei.de\/?page_id=76","title":{"rendered":"Presse"},"content":{"rendered":"\n<figure class=\"wp-block-image alignfull size-full\"><img fetchpriority=\"high\" decoding=\"async\" width=\"2560\" height=\"676\" src=\"https:\/\/mobilekaeserei.de\/wp-content\/uploads\/2021\/11\/211102_Header_Banner_Presse_Zeichenfla\u0308che-1-Kopie-2-scaled.jpg\" alt=\"\" class=\"wp-image-822\" srcset=\"https:\/\/mobilekaeserei.de\/wp-content\/uploads\/2021\/11\/211102_Header_Banner_Presse_Zeichenfla\u0308che-1-Kopie-2-scaled.jpg 2560w, https:\/\/mobilekaeserei.de\/wp-content\/uploads\/2021\/11\/211102_Header_Banner_Presse_Zeichenfla\u0308che-1-Kopie-2-300x79.jpg 300w, https:\/\/mobilekaeserei.de\/wp-content\/uploads\/2021\/11\/211102_Header_Banner_Presse_Zeichenfla\u0308che-1-Kopie-2-1024x270.jpg 1024w, https:\/\/mobilekaeserei.de\/wp-content\/uploads\/2021\/11\/211102_Header_Banner_Presse_Zeichenfla\u0308che-1-Kopie-2-768x203.jpg 768w, https:\/\/mobilekaeserei.de\/wp-content\/uploads\/2021\/11\/211102_Header_Banner_Presse_Zeichenfla\u0308che-1-Kopie-2-1536x406.jpg 1536w, https:\/\/mobilekaeserei.de\/wp-content\/uploads\/2021\/11\/211102_Header_Banner_Presse_Zeichenfla\u0308che-1-Kopie-2-2048x541.jpg 2048w\" sizes=\"(max-width: 2560px) 100vw, 2560px\" \/><\/figure>\n\n\n\n<div style=\"height:100px\" aria-hidden=\"true\" class=\"wp-block-spacer\"><\/div>\n\n\n\n<h2 class=\"wp-block-heading\">Presse<\/h2>\n\n\n\n<h2 class=\"has-black-color has-text-color wp-block-heading\"><\/h2>\n\n\n\n<figure class=\"wp-block-audio\"><audio controls src=\"https:\/\/mobilekaeserei.de\/wp-content\/uploads\/2020\/11\/Mobile-Kaeserei.mp3\"><\/audio><\/figure>\n\n\n\n<h2 class=\"has-black-color has-text-color wp-block-heading\">Eine Radiobeitrag bei<br>Ostseewelle<br>am Morgen \u00fcber die<br>Mobile K\u00e4serei Kentzlin.<\/h2>\n\n\n\n<div class=\"wp-block-columns is-layout-flex wp-container-core-columns-layout-1 wp-block-columns-is-layout-flex\">\n<div class=\"wp-block-column is-layout-flow wp-block-column-is-layout-flow\" style=\"flex-basis:100%\">\n<div class=\"wp-block-cover alignfull is-light\" style=\"min-height:492px\"><span aria-hidden=\"true\" class=\"wp-block-cover__background has-background-dim-100 has-background-dim\" style=\"background-color:#ffffff\"><\/span><div class=\"wp-block-cover__inner-container is-layout-flow wp-block-cover-is-layout-flow\">\n<div class=\"wp-block-media-text alignwide is-stacked-on-mobile is-vertically-aligned-center is-image-fill\" style=\"grid-template-columns:56% auto\"><figure class=\"wp-block-media-text__media\" style=\"background-image:url(https:\/\/mobilekaeserei.de\/wp-content\/uploads\/2021\/11\/SVZ_Schwerin_10-21.jpg);background-position:50% 50%\"><img decoding=\"async\" width=\"886\" height=\"867\" src=\"https:\/\/mobilekaeserei.de\/wp-content\/uploads\/2021\/11\/SVZ_Schwerin_10-21.jpg\" alt=\"\" class=\"wp-image-864 size-full\" srcset=\"https:\/\/mobilekaeserei.de\/wp-content\/uploads\/2021\/11\/SVZ_Schwerin_10-21.jpg 886w, https:\/\/mobilekaeserei.de\/wp-content\/uploads\/2021\/11\/SVZ_Schwerin_10-21-300x294.jpg 300w, https:\/\/mobilekaeserei.de\/wp-content\/uploads\/2021\/11\/SVZ_Schwerin_10-21-768x752.jpg 768w\" sizes=\"(max-width: 886px) 100vw, 886px\" \/><\/figure><div class=\"wp-block-media-text__content\">\n<h2 class=\"has-text-color wp-block-heading\" style=\"color:#000000;font-size:32px\"><strong>Mobile K\u00e4serei legt Stopp in Mirow ein<\/strong><\/h2>\n\n\n\n<p class=\"has-text-color\" style=\"color:#000000;font-size:17px\">Anja Hansen von der mobilen K\u00e4serei Kentzlin erm\u00f6glicht, dass Landwirte ihre Milch direkt vor Ort veredelt bekommen. <\/p>\n\n\n\n<div class=\"wp-block-buttons is-layout-flex wp-block-buttons-is-layout-flex\">\n<div class=\"wp-block-button is-style-fill\"><a class=\"wp-block-button__link wp-element-button\" href=\"https:\/\/www.svz.de\/lokales\/zeitung-fuer-die-landeshauptstadt\/Mobile-Kaeserei-legt-Stopp-in-Mirow-ein-id33884937.html\" target=\"_blank\" rel=\"noreferrer noopener\">Zum Artikel<\/a><\/div>\n<\/div>\n<\/div><\/div>\n<\/div><\/div>\n\n\n\n<div class=\"wp-block-cover alignfull is-light\" style=\"min-height:492px\"><span aria-hidden=\"true\" class=\"wp-block-cover__background has-background-dim-100 has-background-dim\" style=\"background-color:#ffffff\"><\/span><div class=\"wp-block-cover__inner-container is-layout-flow wp-block-cover-is-layout-flow\">\n<div class=\"wp-block-media-text alignwide is-stacked-on-mobile is-vertically-aligned-center is-image-fill\" style=\"grid-template-columns:56% auto\"><figure class=\"wp-block-media-text__media\" style=\"background-image:url(https:\/\/mobilekaeserei.de\/wp-content\/uploads\/2020\/12\/Nordkurierbeitrag.jpg);background-position:50% 50%\"><img decoding=\"async\" width=\"819\" height=\"603\" src=\"https:\/\/mobilekaeserei.de\/wp-content\/uploads\/2020\/12\/Nordkurierbeitrag.jpg\" alt=\"\" class=\"wp-image-500 size-full\" srcset=\"https:\/\/mobilekaeserei.de\/wp-content\/uploads\/2020\/12\/Nordkurierbeitrag.jpg 819w, https:\/\/mobilekaeserei.de\/wp-content\/uploads\/2020\/12\/Nordkurierbeitrag-300x221.jpg 300w, https:\/\/mobilekaeserei.de\/wp-content\/uploads\/2020\/12\/Nordkurierbeitrag-768x565.jpg 768w\" sizes=\"(max-width: 819px) 100vw, 819px\" \/><\/figure><div class=\"wp-block-media-text__content\">\n<h2 class=\"has-text-color wp-block-heading\" style=\"color:#000000;font-size:32px\"><strong>EIN BEITRAG \u00dcBER DIE MOBILE K\u00c4SEREI im Nordkurier<\/strong><\/h2>\n\n\n\n<p class=\"has-text-color\" style=\"color:#000000;font-size:17px\">Die erste mobile K\u00e4serei in Mecklenburg-Vorpommern ist gestartet. Landwirte k\u00f6nnen ihre Milch jetzt direkt auf dem Hof verarbeiten und ihren eigenen K\u00e4se vermarkten. Doch eine H\u00fcrde gibt es da noch.<\/p>\n\n\n\n<div class=\"wp-block-buttons is-layout-flex wp-block-buttons-is-layout-flex\">\n<div class=\"wp-block-button is-style-fill\"><a class=\"wp-block-button__link wp-element-button\" href=\"https:\/\/www.nordkurier.de\/mecklenburgische-schweiz\/bauern-koennen-sich-jetzt-eigenen-kaese-herstellen-lassen-1740737109.html?fbclid=IwAR0xPcBwmGzncisDm7X_3ATUROnvg_owYJ1N7Ymot9AfHPb-WVQhMwey5tk\" target=\"_blank\" rel=\"noreferrer noopener\">Zum Artikel<\/a><\/div>\n<\/div>\n<\/div><\/div>\n<\/div><\/div>\n\n\n\n<div class=\"wp-block-cover alignfull is-light\" style=\"min-height:1579px\"><span aria-hidden=\"true\" class=\"wp-block-cover__background has-background-dim-100 has-background-dim\" style=\"background-color:#ffffff\"><\/span><div class=\"wp-block-cover__inner-container is-layout-flow wp-block-cover-is-layout-flow\">\n<div class=\"wp-block-media-text alignwide is-stacked-on-mobile is-vertically-aligned-center is-image-fill\" style=\"grid-template-columns:56% auto\"><figure class=\"wp-block-media-text__media\" style=\"background-image:url(https:\/\/mobilekaeserei.de\/wp-content\/uploads\/2020\/12\/Presse-Webseite-1024x674.jpg);background-position:50% 50%\"><img loading=\"lazy\" decoding=\"async\" width=\"1024\" height=\"674\" src=\"https:\/\/mobilekaeserei.de\/wp-content\/uploads\/2020\/12\/Presse-Webseite-1024x674.jpg\" alt=\"\" class=\"wp-image-505 size-full\" srcset=\"https:\/\/mobilekaeserei.de\/wp-content\/uploads\/2020\/12\/Presse-Webseite-1024x674.jpg 1024w, https:\/\/mobilekaeserei.de\/wp-content\/uploads\/2020\/12\/Presse-Webseite-300x198.jpg 300w, https:\/\/mobilekaeserei.de\/wp-content\/uploads\/2020\/12\/Presse-Webseite-768x506.jpg 768w, https:\/\/mobilekaeserei.de\/wp-content\/uploads\/2020\/12\/Presse-Webseite.jpg 1215w\" sizes=\"(max-width: 1024px) 100vw, 1024px\" \/><\/figure><div class=\"wp-block-media-text__content\">\n<h2 class=\"has-text-color wp-block-heading\" style=\"color:#000000;font-size:32px\"><strong>EIN BEITRAG \u00dcBER DIE MOBILE K\u00c4SEREI AUF DER VIELSEHN HOMEPAGE<\/strong><\/h2>\n\n\n\n<p class=\"has-text-color\" style=\"color:#000000;font-size:17px\">VON DER KUH ZUM K\u00c4SE f\u00e4hrt die Mobile K\u00e4serei von Anja Hansen und Henriette Gaede mehrmals die Woche. Sie verarbeiten die Milch von den H\u00f6fen zu handgemachtem K\u00e4se.<\/p>\n\n\n\n<div class=\"wp-block-buttons is-layout-flex wp-block-buttons-is-layout-flex\">\n<div class=\"wp-block-button is-style-fill\"><a class=\"wp-block-button__link wp-element-button\" href=\"https:\/\/www.vielsehn.de\/magazin\/\" target=\"_blank\" rel=\"noreferrer noopener\">Zum Artikel<\/a><\/div>\n<\/div>\n<\/div><\/div>\n\n\n\n<div style=\"height:100px\" aria-hidden=\"true\" class=\"wp-block-spacer\"><\/div>\n\n\n\n<div class=\"wp-block-media-text alignwide is-stacked-on-mobile is-vertically-aligned-center is-image-fill\" style=\"grid-template-columns:56% auto\"><figure class=\"wp-block-media-text__media\" style=\"background-image:url(https:\/\/mobilekaeserei.de\/wp-content\/uploads\/2020\/12\/0-686x1024.jpg);background-position:50% 50%\"><img loading=\"lazy\" decoding=\"async\" width=\"686\" height=\"1024\" src=\"https:\/\/mobilekaeserei.de\/wp-content\/uploads\/2020\/12\/0-686x1024.jpg\" alt=\"\" class=\"wp-image-498 size-full\" srcset=\"https:\/\/mobilekaeserei.de\/wp-content\/uploads\/2020\/12\/0-686x1024.jpg 686w, https:\/\/mobilekaeserei.de\/wp-content\/uploads\/2020\/12\/0-201x300.jpg 201w, https:\/\/mobilekaeserei.de\/wp-content\/uploads\/2020\/12\/0-768x1146.jpg 768w, https:\/\/mobilekaeserei.de\/wp-content\/uploads\/2020\/12\/0-1029x1536.jpg 1029w, https:\/\/mobilekaeserei.de\/wp-content\/uploads\/2020\/12\/0-1372x2048.jpg 1372w, https:\/\/mobilekaeserei.de\/wp-content\/uploads\/2020\/12\/0-scaled.jpg 1715w\" sizes=\"(max-width: 686px) 100vw, 686px\" \/><\/figure><div class=\"wp-block-media-text__content\">\n<h2 class=\"has-black-color has-text-color wp-block-heading\">Bauern k\u00f6nnen eigenen K\u00e4se herstellen lassen<\/h2>\n\n\n\n<p class=\"has-black-color has-text-color\">In Alt S\u00fchrkow erfolgte der Startschuss f\u00fcr die Mobile K\u00e4serei Kentzlin, die erste in<br>Mecklenburg-Vorpommern. Damit k\u00f6nnen Landwirte ihre Milch direkt auf dem Hof<br>verarbeiten und ihren eigenen K\u00e4se vermarkten.<br>Doch eine H\u00fcrde gibt es da noch.<\/p>\n\n\n\n<div class=\"wp-block-buttons is-layout-flex wp-block-buttons-is-layout-flex\">\n<div class=\"wp-block-button is-style-fill\"><a class=\"wp-block-button__link wp-element-button\" href=\"https:\/\/mobilekaeserei.de\/wp-content\/uploads\/2020\/12\/Artikel-Nordkurier-MKK.pdf\" target=\"_blank\" rel=\"noreferrer noopener\">Zum Artikel<\/a><\/div>\n<\/div>\n<\/div><\/div>\n\n\n\n<div style=\"height:100px\" aria-hidden=\"true\" class=\"wp-block-spacer\"><\/div>\n\n\n\n<div class=\"wp-block-media-text alignwide is-stacked-on-mobile is-vertically-aligned-center is-image-fill\" style=\"grid-template-columns:56% auto\"><figure class=\"wp-block-media-text__media\" style=\"background-image:url(https:\/\/mobilekaeserei.de\/wp-content\/uploads\/2020\/12\/0-2-723x1024.jpg);background-position:50% 50%\"><img loading=\"lazy\" decoding=\"async\" width=\"723\" height=\"1024\" src=\"https:\/\/mobilekaeserei.de\/wp-content\/uploads\/2020\/12\/0-2-723x1024.jpg\" alt=\"\" class=\"wp-image-467 size-full\" srcset=\"https:\/\/mobilekaeserei.de\/wp-content\/uploads\/2020\/12\/0-2-723x1024.jpg 723w, https:\/\/mobilekaeserei.de\/wp-content\/uploads\/2020\/12\/0-2-212x300.jpg 212w, https:\/\/mobilekaeserei.de\/wp-content\/uploads\/2020\/12\/0-2-768x1087.jpg 768w, https:\/\/mobilekaeserei.de\/wp-content\/uploads\/2020\/12\/0-2-1085x1536.jpg 1085w, https:\/\/mobilekaeserei.de\/wp-content\/uploads\/2020\/12\/0-2.jpg 1189w\" sizes=\"(max-width: 723px) 100vw, 723px\" \/><\/figure><div class=\"wp-block-media-text__content\">\n<h2 class=\"has-black-color has-text-color wp-block-heading\">MV\u2019s erste mobile K\u00e4serei: Mit dem Lkw zum<br>Milchbauern<\/h2>\n\n\n\n<p class=\"has-black-color has-text-color\">Behutsam wirft Anja<br>Hansen (40) einen Blick in den Kessel, in<br>dem sie noch vor einigen Minuten knapp<br>330 Liter Milch erw\u00e4rmt und mit<br>verschiedenen Kulturen und sp\u00e4ter mit<br>Lab versehen hat.<\/p>\n\n\n\n<div class=\"wp-block-buttons is-layout-flex wp-block-buttons-is-layout-flex\">\n<div class=\"wp-block-button is-style-fill\"><a class=\"wp-block-button__link wp-element-button\" href=\"https:\/\/mobilekaeserei.de\/wp-content\/uploads\/2020\/12\/OZ_Mit-dem-Lkw-zum-Milchbauern-1.pdf\" target=\"_blank\" rel=\"noreferrer noopener\">Zum Artikel<\/a><\/div>\n<\/div>\n<\/div><\/div>\n\n\n\n<div style=\"height:100px\" aria-hidden=\"true\" class=\"wp-block-spacer\"><\/div>\n\n\n\n<div class=\"wp-block-media-text alignwide is-stacked-on-mobile is-vertically-aligned-center is-image-fill\" style=\"grid-template-columns:56% auto\"><figure class=\"wp-block-media-text__media\" style=\"background-image:url(https:\/\/mobilekaeserei.de\/wp-content\/uploads\/2020\/12\/0-1-686x1024.jpg);background-position:50% 50%\"><img loading=\"lazy\" decoding=\"async\" width=\"686\" height=\"1024\" src=\"https:\/\/mobilekaeserei.de\/wp-content\/uploads\/2020\/12\/0-1-686x1024.jpg\" alt=\"\" class=\"wp-image-466 size-full\" srcset=\"https:\/\/mobilekaeserei.de\/wp-content\/uploads\/2020\/12\/0-1-686x1024.jpg 686w, https:\/\/mobilekaeserei.de\/wp-content\/uploads\/2020\/12\/0-1-201x300.jpg 201w, https:\/\/mobilekaeserei.de\/wp-content\/uploads\/2020\/12\/0-1-768x1146.jpg 768w, https:\/\/mobilekaeserei.de\/wp-content\/uploads\/2020\/12\/0-1-1029x1536.jpg 1029w, https:\/\/mobilekaeserei.de\/wp-content\/uploads\/2020\/12\/0-1-1372x2048.jpg 1372w, https:\/\/mobilekaeserei.de\/wp-content\/uploads\/2020\/12\/0-1-scaled.jpg 1715w\" sizes=\"(max-width: 686px) 100vw, 686px\" \/><\/figure><div class=\"wp-block-media-text__content\">\n<h2 class=\"has-black-color has-text-color wp-block-heading\"><meta charset=\"utf-8\"><strong>K\u00e4serei rollt bald zu Milchbauern<\/strong><\/h2>\n\n\n\n<p class=\"has-black-color has-text-color\"><meta charset=\"utf-8\">Den eigenen K\u00e4se k\u00f6nnen sich Landwirte jetzt aus ihrer Milch vor Ort produzieren lassen. Denn eine mobile K\u00e4serei hat sich in Kentzlin gegr\u00fcndet und will im Umkreis von 100 Kilometern unterwegs sein.<\/p>\n\n\n\n<div class=\"wp-block-buttons is-layout-flex wp-block-buttons-is-layout-flex\">\n<div class=\"wp-block-button is-style-fill\"><a class=\"wp-block-button__link wp-element-button\" href=\"https:\/\/www.nordkurier.de\/regional\/mecklenburgische-schweiz\/kaserei-rollt-bald-zu-milchbauern-1185419\" target=\"_blank\" rel=\"noreferrer noopener\">Zum Artikel<\/a><\/div>\n<\/div>\n<\/div><\/div>\n\n\n\n<div style=\"height:100px\" aria-hidden=\"true\" class=\"wp-block-spacer\"><\/div>\n\n\n\n<h2 class=\"has-ast-global-color-8-color has-text-color wp-block-heading\"><strong>Podcast weites Feld<\/strong><\/h2>\n\n\n\t\t<div class='wp-block-scb-sound-cloud  align' id='scbSoundCloud-380100dd-9' data-attributes='{&quot;alignment&quot;:&quot;left&quot;,&quot;cId&quot;:&quot;380100dd-9&quot;,&quot;tracks&quot;:[{&quot;url&quot;:&quot;https:\\\/\\\/soundcloud.com\\\/weitesfeldpodcast\\\/podcast-weites-feld-1-mobile-kaserei-kentzlin&quot;,&quot;startTrack&quot;:0}],&quot;options&quot;:{&quot;isAutoPlay&quot;:false,&quot;color&quot;:&quot;#f50&quot;,&quot;isBuying&quot;:false,&quot;isSharing&quot;:true,&quot;isDownload&quot;:false,&quot;isArtWork&quot;:true,&quot;isPlayCount&quot;:false,&quot;isUser&quot;:false,&quot;isSingleActive&quot;:false,&quot;isComments&quot;:false,&quot;isVisual&quot;:false,&quot;isTeaser&quot;:false,&quot;isHideRelated&quot;:false},&quot;frameBorder&quot;:{&quot;width&quot;:&quot;2px&quot;},&quot;frameBRadius&quot;:{&quot;top&quot;:&quot;2px&quot;,&quot;bottom&quot;:&quot;2px&quot;,&quot;left&quot;:&quot;2px&quot;,&quot;right&quot;:&quot;2px&quot;},&quot;align&quot;:&quot;&quot;,&quot;iframeStyle&quot;:{&quot;width&quot;:&quot;100%&quot;,&quot;height&quot;:&quot;170px&quot;},&quot;frameBoxShadow&quot;:[]}'><\/div>\n\n\t\t\n\n\n<div style=\"height:100px\" aria-hidden=\"true\" class=\"wp-block-spacer\"><\/div>\n\n\n\n<div class=\"wp-block-media-text alignwide is-stacked-on-mobile is-vertically-aligned-center is-image-fill\" style=\"grid-template-columns:56% auto\"><figure class=\"wp-block-media-text__media\" style=\"background-image:url(https:\/\/mobilekaeserei.de\/wp-content\/uploads\/2023\/03\/Zeitungsartikel-_Richtfest-1024x925.jpg);background-position:50% 50%\"><img loading=\"lazy\" decoding=\"async\" width=\"1024\" height=\"925\" src=\"https:\/\/mobilekaeserei.de\/wp-content\/uploads\/2023\/03\/Zeitungsartikel-_Richtfest-1024x925.jpg\" alt=\"\" class=\"wp-image-1091 size-full\" srcset=\"https:\/\/mobilekaeserei.de\/wp-content\/uploads\/2023\/03\/Zeitungsartikel-_Richtfest-1024x925.jpg 1024w, https:\/\/mobilekaeserei.de\/wp-content\/uploads\/2023\/03\/Zeitungsartikel-_Richtfest-300x271.jpg 300w, https:\/\/mobilekaeserei.de\/wp-content\/uploads\/2023\/03\/Zeitungsartikel-_Richtfest-768x694.jpg 768w, https:\/\/mobilekaeserei.de\/wp-content\/uploads\/2023\/03\/Zeitungsartikel-_Richtfest-1536x1388.jpg 1536w, https:\/\/mobilekaeserei.de\/wp-content\/uploads\/2023\/03\/Zeitungsartikel-_Richtfest-2048x1850.jpg 2048w\" sizes=\"(max-width: 1024px) 100vw, 1024px\" \/><\/figure><div class=\"wp-block-media-text__content\">\n<h2 class=\"has-black-color has-text-color wp-block-heading\"><meta charset=\"utf-8\"><strong>Ein K\u00e4se, der deinen Namen tr\u00e4gt<\/strong><\/h2>\n\n\n\n<p class=\"has-black-color has-text-color\"><meta charset=\"utf-8\">Der R\u00fcgener Landhandel in Rothenkirchen ist mit Raps\u00f6l erfolgreich, nun stellt der Betrieb mit der mobilen Molkerei Rohmilchk\u00e4se her. Die K\u00e4sesorten werden nach den Mitarbeitern benannt.<\/p>\n\n\n\n<div class=\"wp-block-buttons is-layout-flex wp-block-buttons-is-layout-flex\">\n<div class=\"wp-block-button is-style-fill\"><a class=\"wp-block-button__link wp-element-button\" href=\"https:\/\/mobilekaeserei.de\/wp-content\/uploads\/2023\/03\/Zeitungsartikel_Rambin.pdf\" target=\"_blank\" rel=\"noreferrer noopener\">Zum Artikel<\/a><\/div>\n<\/div>\n<\/div><\/div>\n<\/div><\/div>\n<\/div>\n<\/div>\n\n\n\n<p><\/p>\n\n\n\n<div class=\"wp-block-cover alignfull is-light has-parallax\" style=\"min-height:100vh\"><span aria-hidden=\"true\" class=\"wp-block-cover__background has-background-dim-0 has-background-dim\" style=\"background-color:#000000\"><\/span><div role=\"img\" class=\"wp-block-cover__image-background wp-image-862 has-parallax\" style=\"background-position:50% 50%;background-image:url(https:\/\/mobilekaeserei.de\/wp-content\/uploads\/2021\/11\/Anja.jpg)\"><\/div><div class=\"wp-block-cover__inner-container is-layout-flow wp-block-cover-is-layout-flow\">\n<p class=\"has-text-align-center has-large-font-size\"><\/p>\n<\/div><\/div>\n","protected":false},"excerpt":{"rendered":"<p>Presse Eine Radiobeitrag beiOstseewelleam Morgen \u00fcber dieMobile K\u00e4serei Kentzlin.<\/p>\n","protected":false},"author":1,"featured_media":0,"parent":0,"menu_order":0,"comment_status":"closed","ping_status":"closed","template":"","meta":{"site-sidebar-layout":"default","site-content-layout":"default","ast-site-content-layout":"","site-content-style":"default","site-sidebar-style":"default","ast-global-header-display":"","ast-banner-title-visibility":"","ast-main-header-display":"","ast-hfb-above-header-display":"","ast-hfb-below-header-display":"","ast-hfb-mobile-header-display":"","site-post-title":"disabled","ast-breadcrumbs-content":"","ast-featured-img":"","footer-sml-layout":"","theme-transparent-header-meta":"disabled","adv-header-id-meta":"","stick-header-meta":"","header-above-stick-meta":"","header-main-stick-meta":"","header-below-stick-meta":"","astra-migrate-meta-layouts":"default","ast-page-background-enabled":"default","ast-page-background-meta":{"desktop":{"background-color":"","background-image":"","background-repeat":"repeat","background-position":"center center","background-size":"auto","background-attachment":"scroll","background-type":"","background-media":"","overlay-type":"","overlay-color":"","overlay-gradient":""},"tablet":{"background-color":"","background-image":"","background-repeat":"repeat","background-position":"center center","background-size":"auto","background-attachment":"scroll","background-type":"","background-media":"","overlay-type":"","overlay-color":"","overlay-gradient":""},"mobile":{"background-color":"","background-image":"","background-repeat":"repeat","background-position":"center center","background-size":"auto","background-attachment":"scroll","background-type":"","background-media":"","overlay-type":"","overlay-color":"","overlay-gradient":""}},"ast-content-background-meta":{"desktop":{"background-color":"var(--ast-global-color-5)","background-image":"","background-repeat":"repeat","background-position":"center center","background-size":"auto","background-attachment":"scroll","background-type":"","background-media":"","overlay-type":"","overlay-color":"","overlay-gradient":""},"tablet":{"background-color":"var(--ast-global-color-5)","background-image":"","background-repeat":"repeat","background-position":"center center","background-size":"auto","background-attachment":"scroll","background-type":"","background-media":"","overlay-type":"","overlay-color":"","overlay-gradient":""},"mobile":{"background-color":"var(--ast-global-color-5)","background-image":"","background-repeat":"repeat","background-position":"center center","background-size":"auto","background-attachment":"scroll","background-type":"","background-media":"","overlay-type":"","overlay-color":"","overlay-gradient":""}},"footnotes":""},"_links":{"self":[{"href":"https:\/\/mobilekaeserei.de\/index.php?rest_route=\/wp\/v2\/pages\/76"}],"collection":[{"href":"https:\/\/mobilekaeserei.de\/index.php?rest_route=\/wp\/v2\/pages"}],"about":[{"href":"https:\/\/mobilekaeserei.de\/index.php?rest_route=\/wp\/v2\/types\/page"}],"author":[{"embeddable":true,"href":"https:\/\/mobilekaeserei.de\/index.php?rest_route=\/wp\/v2\/users\/1"}],"replies":[{"embeddable":true,"href":"https:\/\/mobilekaeserei.de\/index.php?rest_route=%2Fwp%2Fv2%2Fcomments&post=76"}],"version-history":[{"count":61,"href":"https:\/\/mobilekaeserei.de\/index.php?rest_route=\/wp\/v2\/pages\/76\/revisions"}],"predecessor-version":[{"id":1099,"href":"https:\/\/mobilekaeserei.de\/index.php?rest_route=\/wp\/v2\/pages\/76\/revisions\/1099"}],"wp:attachment":[{"href":"https:\/\/mobilekaeserei.de\/index.php?rest_route=%2Fwp%2Fv2%2Fmedia&parent=76"}],"curies":[{"name":"wp","href":"https:\/\/api.w.org\/{rel}","templated":true}]}}