{"id":74,"date":"2020-09-23T11:43:48","date_gmt":"2020-09-23T11:43:48","guid":{"rendered":"http:\/\/mobilekaeserei.de\/?page_id=74"},"modified":"2025-02-20T21:25:07","modified_gmt":"2025-02-20T21:25:07","slug":"hier-gibt-es-kaese","status":"publish","type":"page","link":"https:\/\/mobilekaeserei.de\/?page_id=74","title":{"rendered":"Hier gibt es UNSEREN K\u00e4se!"},"content":{"rendered":"\n<figure class=\"wp-block-image alignfull size-full\"><img fetchpriority=\"high\" decoding=\"async\" width=\"2560\" height=\"758\" src=\"https:\/\/mobilekaeserei.de\/wp-content\/uploads\/2021\/11\/211102_Header_Banner_Wolke_Zeichenfla\u0308che-1-Kopie-9-4-scaled.jpg\" alt=\"\" class=\"wp-image-811\" srcset=\"https:\/\/mobilekaeserei.de\/wp-content\/uploads\/2021\/11\/211102_Header_Banner_Wolke_Zeichenfla\u0308che-1-Kopie-9-4-scaled.jpg 2560w, https:\/\/mobilekaeserei.de\/wp-content\/uploads\/2021\/11\/211102_Header_Banner_Wolke_Zeichenfla\u0308che-1-Kopie-9-4-300x89.jpg 300w, https:\/\/mobilekaeserei.de\/wp-content\/uploads\/2021\/11\/211102_Header_Banner_Wolke_Zeichenfla\u0308che-1-Kopie-9-4-1024x303.jpg 1024w, https:\/\/mobilekaeserei.de\/wp-content\/uploads\/2021\/11\/211102_Header_Banner_Wolke_Zeichenfla\u0308che-1-Kopie-9-4-768x227.jpg 768w, https:\/\/mobilekaeserei.de\/wp-content\/uploads\/2021\/11\/211102_Header_Banner_Wolke_Zeichenfla\u0308che-1-Kopie-9-4-1536x455.jpg 1536w, https:\/\/mobilekaeserei.de\/wp-content\/uploads\/2021\/11\/211102_Header_Banner_Wolke_Zeichenfla\u0308che-1-Kopie-9-4-2048x607.jpg 2048w\" sizes=\"(max-width: 2560px) 100vw, 2560px\" \/><\/figure>\n\n\n\n<h2 class=\"wp-block-heading\"><meta charset=\"utf-8\"><\/h2>\n\n\n\n<div style=\"height:100px\" aria-hidden=\"true\" class=\"wp-block-spacer\"><\/div>\n\n\n\n<h2 class=\"wp-block-heading\">Hier sind Produkte der Mobilen K\u00e4serei erh\u00e4ltlich:<\/h2>\n\n\n\n<div class=\"wp-block-columns is-layout-flex wp-container-core-columns-layout-2 wp-block-columns-is-layout-flex\">\n<div class=\"wp-block-column is-layout-flow wp-block-column-is-layout-flow\" style=\"flex-basis:100%\">\n<div class=\"wp-block-columns is-layout-flex wp-container-core-columns-layout-1 wp-block-columns-is-layout-flex\">\n<div class=\"wp-block-column is-layout-flow wp-block-column-is-layout-flow\" style=\"flex-basis:100%\"><\/div>\n<\/div>\n<\/div>\n<\/div>\n\n\n\n<h2 class=\"wp-block-heading\">Mehr K\u00e4se in MV:<\/h2>\n\n\n\n<div class=\"wp-block-buttons is-horizontal is-content-justification-center is-layout-flex wp-container-core-buttons-layout-1 wp-block-buttons-is-layout-flex\">\n<div class=\"wp-block-button\"><a class=\"wp-block-button__link wp-element-button\" href=\"https:\/\/fretbuedel.de\/collections\/fretbudel-1\/products\/kees-budel\" target=\"_blank\" rel=\"noreferrer noopener\">K\u00e4se-b\u00fcdel<\/a><\/div>\n<\/div>\n\n\n\n<div class=\"wp-block-buttons is-horizontal is-content-justification-center is-layout-flex wp-container-core-buttons-layout-2 wp-block-buttons-is-layout-flex\">\n<div class=\"wp-block-button\"><a class=\"wp-block-button__link wp-element-button\" href=\"https:\/\/www.kaese-mv.de\/\" target=\"_blank\" rel=\"noreferrer noopener\">K\u00e4se &amp; Meer<\/a><\/div>\n<\/div>\n\n\n\n<div style=\"height:50px\" aria-hidden=\"true\" class=\"wp-block-spacer\"><\/div>\n","protected":false},"excerpt":{"rendered":"<p>Hier sind Produkte der Mobilen K\u00e4serei erh\u00e4ltlich: Mehr K\u00e4se in MV:<\/p>\n","protected":false},"author":1,"featured_media":0,"parent":0,"menu_order":0,"comment_status":"closed","ping_status":"closed","template":"","meta":{"site-sidebar-layout":"default","site-content-layout":"default","ast-site-content-layout":"default","site-content-style":"default","site-sidebar-style":"default","ast-global-header-display":"","ast-banner-title-visibility":"","ast-main-header-display":"","ast-hfb-above-header-display":"","ast-hfb-below-header-display":"","ast-hfb-mobile-header-display":"","site-post-title":"disabled","ast-breadcrumbs-content":"","ast-featured-img":"","footer-sml-layout":"","theme-transparent-header-meta":"disabled","adv-header-id-meta":"","stick-header-meta":"","header-above-stick-meta":"","header-main-stick-meta":"","header-below-stick-meta":"","astra-migrate-meta-layouts":"set","ast-page-background-enabled":"default","ast-page-background-meta":{"desktop":{"background-color":"","background-image":"","background-repeat":"repeat","background-position":"center center","background-size":"auto","background-attachment":"scroll","background-type":"","background-media":"","overlay-type":"","overlay-color":"","overlay-gradient":""},"tablet":{"background-color":"","background-image":"","background-repeat":"repeat","background-position":"center center","background-size":"auto","background-attachment":"scroll","background-type":"","background-media":"","overlay-type":"","overlay-color":"","overlay-gradient":""},"mobile":{"background-color":"","background-image":"","background-repeat":"repeat","background-position":"center center","background-size":"auto","background-attachment":"scroll","background-type":"","background-media":"","overlay-type":"","overlay-color":"","overlay-gradient":""}},"ast-content-background-meta":{"desktop":{"background-color":"var(--ast-global-color-5)","background-image":"","background-repeat":"repeat","background-position":"center center","background-size":"auto","background-attachment":"scroll","background-type":"","background-media":"","overlay-type":"","overlay-color":"","overlay-gradient":""},"tablet":{"background-color":"var(--ast-global-color-5)","background-image":"","background-repeat":"repeat","background-position":"center center","background-size":"auto","background-attachment":"scroll","background-type":"","background-media":"","overlay-type":"","overlay-color":"","overlay-gradient":""},"mobile":{"background-color":"var(--ast-global-color-5)","background-image":"","background-repeat":"repeat","background-position":"center center","background-size":"auto","background-attachment":"scroll","background-type":"","background-media":"","overlay-type":"","overlay-color":"","overlay-gradient":""}},"footnotes":""},"_links":{"self":[{"href":"https:\/\/mobilekaeserei.de\/index.php?rest_route=\/wp\/v2\/pages\/74"}],"collection":[{"href":"https:\/\/mobilekaeserei.de\/index.php?rest_route=\/wp\/v2\/pages"}],"about":[{"href":"https:\/\/mobilekaeserei.de\/index.php?rest_route=\/wp\/v2\/types\/page"}],"author":[{"embeddable":true,"href":"https:\/\/mobilekaeserei.de\/index.php?rest_route=\/wp\/v2\/users\/1"}],"replies":[{"embeddable":true,"href":"https:\/\/mobilekaeserei.de\/index.php?rest_route=%2Fwp%2Fv2%2Fcomments&post=74"}],"version-history":[{"count":29,"href":"https:\/\/mobilekaeserei.de\/index.php?rest_route=\/wp\/v2\/pages\/74\/revisions"}],"predecessor-version":[{"id":1167,"href":"https:\/\/mobilekaeserei.de\/index.php?rest_route=\/wp\/v2\/pages\/74\/revisions\/1167"}],"wp:attachment":[{"href":"https:\/\/mobilekaeserei.de\/index.php?rest_route=%2Fwp%2Fv2%2Fmedia&parent=74"}],"curies":[{"name":"wp","href":"https:\/\/api.w.org\/{rel}","templated":true}]}}